{"id":29360,"date":"2022-03-24T11:20:58","date_gmt":"2022-03-24T11:20:58","guid":{"rendered":"https:\/\/evotek.md\/produse\/fara-categorie\/cutit-pentru-produse-de-panificatie-24-cm-sanelli-s363-024w\/"},"modified":"2022-03-24T11:20:58","modified_gmt":"2022-03-24T11:20:58","slug":"cutit-pentru-produse-de-panificatie-24-cm-sanelli-s363-024w","status":"publish","type":"product","link":"https:\/\/evotek.md\/ro\/produse\/accesorii-si-inventar-bucatarie\/cutite-bucatarie\/cutit-pentru-produse-de-panificatie-24-cm-sanelli-s363-024w\/","title":{"rendered":"CU\u021aIT PENTRU PRODUSE DE PANIFICA\u021aIE 24 cm -Sanelli-S363.024W"},"content":{"rendered":"<p><strong>CU\u021aIT PENTRU PRODUSE DE PANIFICA\u021aIE 24 cm -Sanelli-S363.024W-<\/strong> Linia profesional\u0103 Supra Colore combin\u0103 lamele conven\u021bionale de \u00eenalt\u0103 calitate cu un sistem de codare a culorilor care identific\u0103 utilizarea fiec\u0103rui cu\u021bit \u00eentr-o anumit\u0103 zon\u0103 de lucru \u0219i reduce riscul de contaminare \u00eencruci\u0219at\u0103. Implementarea acestui sistem ofer\u0103 o contribu\u021bie eficient\u0103 la \u00eembun\u0103t\u0103\u021birea siguran\u021bei alimentelor \u00een conformitate cu standardele HACCP actuale pentru o \u0219i mai bun\u0103 protec\u021bie a consumatorilor.<\/p>\n<p>Lama: 24 cm<\/p>\n","protected":false},"excerpt":{"rendered":"<p>Cu\u021bit pentru produse de panifica\u021bie. Lama: 24 cm<\/p>\n","protected":false},"featured_media":29359,"template":"","meta":[],"_links":{"self":[{"href":"https:\/\/evotek.md\/ro\/wp-json\/wp\/v2\/product\/29360"}],"collection":[{"href":"https:\/\/evotek.md\/ro\/wp-json\/wp\/v2\/product"}],"about":[{"href":"https:\/\/evotek.md\/ro\/wp-json\/wp\/v2\/types\/product"}],"wp:featuredmedia":[{"embeddable":true,"href":"https:\/\/evotek.md\/ro\/wp-json\/wp\/v2\/media\/29359"}],"wp:attachment":[{"href":"https:\/\/evotek.md\/ro\/wp-json\/wp\/v2\/media?parent=29360"}],"curies":[{"name":"wp","href":"https:\/\/api.w.org\/{rel}","templated":true}]}}

CUȚIT PENTRU PRODUSE DE PANIFICAȚIE 24 cm -Sanelli-S363.024W

<p><strong>CUȚIT PENTRU PRODUSE DE PANIFICAȚIE 24 cm -Sanelli-S363.024W-</strong> Linia profesională Supra Colore combină lamele convenționale de înaltă calitate cu un sistem de codare a culorilor care identifică utilizarea fiecărui cuțit într-o anumită zonă de lucru și reduce riscul de contaminare încrucișată. Implementarea acestui sistem oferă o contribuție eficientă la îmbunătățirea siguranței alimentelor în conformitate cu standardele HACCP actuale pentru o și mai bună protecție a consumatorilor.</p>
<p>Lama: 24 cm</p>

<p>Cuțit pentru produse de panificație. Lama: 24 cm</p>
