{"id":19600,"date":"2020-12-04T13:47:07","date_gmt":"2020-12-04T13:47:07","guid":{"rendered":"https:\/\/evotek.md\/?post_type=product&#038;p=19600"},"modified":"2020-12-04T13:47:07","modified_gmt":"2020-12-04T13:47:07","slug":"mini-vitrina-frigorifica-235-l-neagra-m-09400816","status":"publish","type":"product","link":"https:\/\/evotek.md\/ro\/produse\/echipamente-frigorifice\/mini-vitrine-frigorifice\/mini-vitrina-frigorifica-235-l-neagra-m-09400816\/","title":{"rendered":"MINI-VITRIN\u0102 FRIGORIFIC\u0102 235 L NEAGR\u0102 -M-09400816"},"content":{"rendered":"<p><strong>MINI-VITRIN\u0102 FRIGORIFIC\u0102 235 L NEAGR\u0102 -M-09400816- <\/strong>Mini-vitrin\u0103 frigorifica pentru magazine, baruri \u0219i cafenele. Are capacitatea de a regla temperatura folosind un termostat digital Dixell. \u00cen plus, aceast\u0103 r\u0103cire are func\u021bia de blocare. Carcas\u0103 robust\u0103 din plastic, cu ferestre drepte din sticl\u0103 \u0219i patru rafturi grilate.<\/p>\n<p>Caracteristici<\/p>\n<p>R\u0103cirea ventilatorului<\/p>\n<p>Cicl de r\u0103cire unic pentru a reduce formarea de ghea\u021b\u0103<\/p>\n<p>Lumini LED \u00een interior<\/p>\n<p>Agent frigorific R600a \/ f\u0103r\u0103 CFC<\/p>\n<p>Controler digital de temperatur\u0103 Dixell<\/p>\n<p>Temperatura de la 0 \u00b0 la + 12 \u00b0 Celsius<\/p>\n<p>Greutate net\u0103: 76 kg<\/p>\n<p>Dimensiunile rafturilor: 430&#215;380 mm<\/p>\n<p>Dimensiuni interioare: 469x408x1130 mm<\/p>\n<p>Dimensiuni exterioare: 515x485x1690 mm<\/p>\n<p>Conexiune: 230 V \/ 50 Hz \/ 1 faz\u0103 250 W<\/p>\n<p>&nbsp;<\/p>\n","protected":false},"excerpt":{"rendered":"<p>Mini-vitrin\u0103 frigorifica la 235 de litri. R\u0103cirea ventilatorului; Cicl de r\u0103cire unic pentru a reduce formarea de ghea\u021b\u0103; Lumini LED \u00een interior; Agent frigorific R600a \/ f\u0103r\u0103 CFC; Controler digital de temperatur\u0103 Dixell; Temperatura de la 0 \u00b0 la + 12 \u00b0 Celsius; Greutate net\u0103: 76 kg; Dimensiunile rafturilor: 430&#215;380 mm; Dimensiuni interioare: 469x408x1130 mm; Dimensiuni exterioare: 515x485x1690 mm: Conexiune: 230 V \/ 50 Hz \/ 1 faz\u0103 250 W.<\/p>\n","protected":false},"featured_media":19591,"template":"","meta":[],"_links":{"self":[{"href":"https:\/\/evotek.md\/ro\/wp-json\/wp\/v2\/product\/19600"}],"collection":[{"href":"https:\/\/evotek.md\/ro\/wp-json\/wp\/v2\/product"}],"about":[{"href":"https:\/\/evotek.md\/ro\/wp-json\/wp\/v2\/types\/product"}],"wp:featuredmedia":[{"embeddable":true,"href":"https:\/\/evotek.md\/ro\/wp-json\/wp\/v2\/media\/19591"}],"wp:attachment":[{"href":"https:\/\/evotek.md\/ro\/wp-json\/wp\/v2\/media?parent=19600"}],"curies":[{"name":"wp","href":"https:\/\/api.w.org\/{rel}","templated":true}]}}

MINI-VITRINĂ FRIGORIFICĂ 235 L NEAGRĂ -M-09400816

<p><strong>MINI-VITRINĂ FRIGORIFICĂ 235 L NEAGRĂ -M-09400816- </strong>Mini-vitrină frigorifica pentru magazine, baruri și cafenele. Are capacitatea de a regla temperatura folosind un termostat digital Dixell. În plus, această răcire are funcția de blocare. Carcasă robustă din plastic, cu ferestre drepte din sticlă și patru rafturi grilate.</p>
<p>Caracteristici</p>
<p>Răcirea ventilatorului</p>
<p>Cicl de răcire unic pentru a reduce formarea de gheață</p>
<p>Lumini LED în interior</p>
<p>Agent frigorific R600a / fără CFC</p>
<p>Controler digital de temperatură Dixell</p>
<p>Temperatura de la 0 ° la + 12 ° Celsius</p>
<p>Greutate netă: 76 kg</p>
<p>Dimensiunile rafturilor: 430&#215;380 mm</p>
<p>Dimensiuni interioare: 469x408x1130 mm</p>
<p>Dimensiuni exterioare: 515x485x1690 mm</p>
<p>Conexiune: 230 V / 50 Hz / 1 fază 250 W</p>
<p>&nbsp;</p>

<p>Mini-vitrină frigorifica la 235 de litri. Răcirea ventilatorului; Cicl de răcire unic pentru a reduce formarea de gheață; Lumini LED în interior; Agent frigorific R600a / fără CFC; Controler digital de temperatură Dixell; Temperatura de la 0 ° la + 12 ° Celsius; Greutate netă: 76 kg; Dimensiunile rafturilor: 430&#215;380 mm; Dimensiuni interioare: 469x408x1130 mm; Dimensiuni exterioare: 515x485x1690 mm: Conexiune: 230 V / 50 Hz / 1 fază 250 W.</p>
