{"id":19564,"date":"2020-12-04T13:19:13","date_gmt":"2020-12-04T13:19:13","guid":{"rendered":"https:\/\/evotek.md\/?post_type=product&#038;p=19564"},"modified":"2020-12-04T13:19:23","modified_gmt":"2020-12-04T13:19:23","slug":"mini-vitrina-frigorifica-78-l-alba-m-09400805","status":"publish","type":"product","link":"https:\/\/evotek.md\/ro\/produse\/echipamente-frigorifice\/mini-vitrine-frigorifice\/mini-vitrina-frigorifica-78-l-alba-m-09400805\/","title":{"rendered":"MINI-VITRIN\u0102 FRIGORIFIC\u0102 78 L ALB\u0102 -M-09400805"},"content":{"rendered":"<p><strong>MINI-VITRIN\u0102 FRIGORIFIC\u0102 78 L ALB\u0102 -M-09400805- <\/strong>Mini-vitrin\u0103 frigorifica pentru magazine, baruri \u0219i cafenele. Are capacitatea de a regla temperatura folosind un termostat digital Dixell. \u00cen plus, aceast\u0103 r\u0103cire are func\u021bia de blocare. Carcas\u0103 robust\u0103 din plastic, cu ferestre drepte din sticl\u0103 \u0219i trei rafturi grilate.<\/p>\n<p>Caracteristici<\/p>\n<p>R\u0103cirea ventilatorului<\/p>\n<p>Cicl de r\u0103cire unic pentru a reduce formarea de ghea\u021b\u0103<\/p>\n<p>Lumini LED \u00een interior<\/p>\n<p>Agent frigorific R600a \/ f\u0103r\u0103 CFC<\/p>\n<p>Controler digital de temperatur\u0103 Dixell<\/p>\n<p>Temperatura de la 0 \u00b0 la + 12 \u00b0 Celsius<\/p>\n<p>Greutate net\u0103: 34 kg<\/p>\n<p>Dimensiunile rafturilor: 360&#215;310 \u043c\u043c<\/p>\n<p>Dimensiuni interioare: 396x350x608 mm<\/p>\n<p>Dimensiuni exterioare: 428x386x960 mm<\/p>\n<p>Conexiune: 230 V \/ 50 Hz \/ 1 faz\u0103 180 W<\/p>\n<p>&nbsp;<\/p>\n","protected":false},"excerpt":{"rendered":"<p>Mini-vitrin\u0103 frigorifica la 78 de litri. R\u0103cirea ventilatorului; Cicl de r\u0103cire unic pentru a reduce formarea de ghea\u021b\u0103; Lumini LED \u00een interior; Agent frigorific R600a \/ f\u0103r\u0103 CFC; Controler digital de temperatur\u0103 Dixell; Temperatura de la 0 \u00b0 la + 12 \u00b0 Celsius; Greutate net\u0103: 34 kg; Dimensiunile rafturilor: 360&#215;310 \u043c\u043c; Dimensiuni interioare: 396x350x608 mm; Dimensiuni exterioare: 428x386x960 mm; Conexiune: 230 V \/ 50 Hz \/ 1 faz\u0103 180 W.<\/p>\n<p>&nbsp;<\/p>\n","protected":false},"featured_media":19555,"template":"","meta":[],"_links":{"self":[{"href":"https:\/\/evotek.md\/ro\/wp-json\/wp\/v2\/product\/19564"}],"collection":[{"href":"https:\/\/evotek.md\/ro\/wp-json\/wp\/v2\/product"}],"about":[{"href":"https:\/\/evotek.md\/ro\/wp-json\/wp\/v2\/types\/product"}],"wp:featuredmedia":[{"embeddable":true,"href":"https:\/\/evotek.md\/ro\/wp-json\/wp\/v2\/media\/19555"}],"wp:attachment":[{"href":"https:\/\/evotek.md\/ro\/wp-json\/wp\/v2\/media?parent=19564"}],"curies":[{"name":"wp","href":"https:\/\/api.w.org\/{rel}","templated":true}]}}

MINI-VITRINĂ FRIGORIFICĂ 78 L ALBĂ -M-09400805

<p><strong>MINI-VITRINĂ FRIGORIFICĂ 78 L ALBĂ -M-09400805- </strong>Mini-vitrină frigorifica pentru magazine, baruri și cafenele. Are capacitatea de a regla temperatura folosind un termostat digital Dixell. În plus, această răcire are funcția de blocare. Carcasă robustă din plastic, cu ferestre drepte din sticlă și trei rafturi grilate.</p>
<p>Caracteristici</p>
<p>Răcirea ventilatorului</p>
<p>Cicl de răcire unic pentru a reduce formarea de gheață</p>
<p>Lumini LED în interior</p>
<p>Agent frigorific R600a / fără CFC</p>
<p>Controler digital de temperatură Dixell</p>
<p>Temperatura de la 0 ° la + 12 ° Celsius</p>
<p>Greutate netă: 34 kg</p>
<p>Dimensiunile rafturilor: 360&#215;310 мм</p>
<p>Dimensiuni interioare: 396x350x608 mm</p>
<p>Dimensiuni exterioare: 428x386x960 mm</p>
<p>Conexiune: 230 V / 50 Hz / 1 fază 180 W</p>
<p>&nbsp;</p>

<p>Mini-vitrină frigorifica la 78 de litri. Răcirea ventilatorului; Cicl de răcire unic pentru a reduce formarea de gheață; Lumini LED în interior; Agent frigorific R600a / fără CFC; Controler digital de temperatură Dixell; Temperatura de la 0 ° la + 12 ° Celsius; Greutate netă: 34 kg; Dimensiunile rafturilor: 360&#215;310 мм; Dimensiuni interioare: 396x350x608 mm; Dimensiuni exterioare: 428x386x960 mm; Conexiune: 230 V / 50 Hz / 1 fază 180 W.</p>
<p>&nbsp;</p>
